 Suppose 0 = -13*c + 12*c - 4. Calculate q(c).
12
Let p(z) be the third derivative of -z**5/60 - z**4/8 + 4*z**3/3 - z**2. Let q(u) = -u**3 + 3*u**2 + 5*u - 5. Let o be q(-4). Let w = o + -93. Give p(w).
-10
Let x(s) = s**3 - 6*s**2 + 4*s - 7. Suppose 0 = 4*f + c - 3 - 13, 0 = -4*f - 4*c + 4. Give x(f).
-12
Let z = -39 - -25. Let o = -10 - z. Suppose -4 = 5*p + 11, -y = o*p + 8. Let f(w) = w**2 - 5*w. Calculate f(y).
-4
Let n(x) = -11*x + 1 - 22967*x**2 - 3*x + 22968*x**2. What is n(13)?
-12
Let n(h) = -11*h - 6. Let f(v) = 0*v + v + 2 + 3*v. Let s(m) = -8*f(m) - 3*n(m). Give s(5).
7
Let c(y) = -y**3 - 5*y**2 + 7*y - 3. Let z be (1 + -2)*(-104)/(-8). Let t(p) = -3*p + 8. Let u be t(5). Let s = z - u. What is c(s)?
-9
Let w(m) = -51892*m + 1 + 51891*m + 5. Calculate w(4).
2
Let v = -2557 - -2558. Let s(f) be the first derivative of 0*f + 1/2*f**2 - 1 - 4/3*f**3. Determine s(v).
-3
Let u(b) be the second derivative of b**3/3 + b**2/2 - 9*b. Let d = 209 - 211. Give u(d).
-3
Let w(a) = -2*a + 4. Let d = -19 - -26. Suppose d*q = 4*q + z + 23, 3*q - 22 = 2*z. Calculate w(q).
-12
Let x(t) = -t**2 + 6*t + 2. Suppose -3*p + 3*r = -2*p, -4*p - r = 0. Suppose -4 = 4*d - 2*f, p - 3 = 5*d - 3*f. Let h be 9/3 - 1 - d. Determine x(h).
7
Let j(t) = 8*t**3 + t**2 - 1. Suppose 4*y = 125 - 37. Suppose -23 = -p - y. Give j(p).
8
Let j(w) = -832820 - w - w**2 - w + 3*w + 832821 + 2*w**3. Let r = 0 + 2. Suppose -4*h - d - r = 0, 0 = 3*h - 0*d + 5*d - 7. What is j(h)?
-3
Suppose 2*y + 25*h + 2 = 21*h, 2*y - 16 = 2*h. Let b(j) be the first derivative of -j**3/3 + 3*j**2 - 1. Give b(y).
5
Let l = 66 + -70. Let v be (-3)/l*((-6)/3 - 6). Let k(f) = 5*f - 41. Let m(u) = -u + 10. Let y(d) = 2*k(d) + 9*m(d). What is y(v)?
2
Let k(f) be the third derivative of -f**4/12 - 59*f**3/6 + 548*f**2. What is k(-26)?
-7
Let k(f) be the second derivative of f**3/3 - 15*f**2 - 204*f. Determine k(13).
-4
Suppose 0 = 4*a - 8*a - 16. Let b(h) = -h**3 - 3*h**2 + 5*h - 3. Calculate b(a).
-7
Let j(p) = -p**3 + 13*p**2 - 12*p - 5. Let x = 186 + -174. Calculate j(x).
-5
Suppose 5*a + 35 = 2*q + 15, 0 = a - 3*q - 9. Let n be 0 - (a - (3 + 1)). Suppose -2*i + w + n = 0, 3*i - w - 13 = 4. Let z(k) = -k**3 + 7*k**2 + 7. Give z(i).
7
Let k(g) = 6*g + 1. Let y(w) = w + 5. Suppose -z + 3*l = 13, 2*l - 13 = z + 4*z. Let t be 81/(-12) + z/4. Let x be y(t). Give k(x).
-11
Let q(w) = 24*w + 12 + 12 - 14 + 32. What is q(-2)?
-6
Let k = 5 + -13. Let b be 1 - (6 - k/(-4)). Let v(p) be the first derivative of p**4/4 + 2*p**3 + 5*p**2/2 + 2*p + 2. Calculate v(b).
14
Suppose 2*h + 2*g = 46, -2*h - 3*g + 77 = 29. Suppose 19*l - h*l - 10 = 0. Let f(w) = -4*w - 2. Determine f(l).
18
Let w(o) be the first derivative of o**3/3 - 7*o**2/2 + 1. Let b(g) = g**2 - 8*g. Let y = 373 - 368. Let s(t) = y*b(t) - 6*w(t). Give s(3).
-3
Let y(t) = -4*t**2 + 6. Let z(v) = -9*v**2 + 12. Let u(m) = 7*y(m) - 3*z(m). Suppose 2 = -4*x - 18. Give u(x).
-19
Suppose 0 = -3*m + 8 + 1. Let w(v) = 0*v**2 + v + m*v**2 + 5*v**3 - 4*v**3. Suppose 5*a + 4 + 7 = -2*x, 2*x - 4 = 0. Give w(a).
-3
Suppose 3*r + 4*m - 26 = -0*r, -4*m + 12 = -4*r. Suppose i - 3 = -v, 5*i - 3*v - 15 = r*v. Let h(l) = 2*l - 3. Determine h(i).
3
Suppose -181 = -10*g - 41. Let w(s) = 2*s - 20. Calculate w(g).
8
Let v(g) = -g**2 + 35*g + 77. Let r be v(-2). Let o(b) be the second derivative of 6*b**2 - 1/6*b**r - 8*b + 0. Give o(7).
5
Let c be ((-189)/18)/((-12)/(-16)). Let s(b) = b**3 + 13*b**2 - 16*b - 20. Calculate s(c).
8
Let k(n) = n**2 + 1. Let j(y) = y + 7. Let a(m) = -m - 6. Let q(i) = -6*a(i) - 5*j(i). Let g(r) = 4*k(r) - 2*q(r). Suppose 5*x - 6 - 4 = 0. What is g(x)?
14
Let b(j) = 4*j**2 + 2*j + 3. Let f(l) = 3*l**2 + l + 1. Let i(n) = -b(n) + 2*f(n). What is i(1)?
1
Let b(c) = -c**2 - 10*c + 9. Let s be b(-11). Let q(i) be the first derivative of i**4/4 - 3*i**2/2 - i + 16. Determine q(s).
-3
Suppose 2*a + 5*w - 13 = 4, -3*a + 4*w = -37. Let j(z) = -3*z - 7. Give j(a).
-40
Suppose 4*b + 8*b + 84 = 0. Let v be (0 + 2 - b)*22/(-33). Let l(f) = -1 - f**3 + 0*f**3 - 3*f - 8 - 6*f**2. What is l(v)?
9
Let f(t) = 99*t + 298. Let c be f(-3). Let x(s) = -2*s - 7. Let h be -6*(0 - -1) + 1. Let u(v) = -3*v - 10. Let p(k) = h*u(k) + 7*x(k). What is p(c)?
2
Suppose 3*i = 2*i + 3. Let u(z) = -1 + i*z + 3 - 3. What is u(6)?
17
Let q(l) = l**3 + 6*l**2 + 2*l - 2. Let a(b) = b**3 + 5*b**2 + b - 1. Let h be (7 - 0 - 2)*(1 - 0). Let m(u) = h*a(u) - 4*q(u). What is m(-3)?
-6
Let o(g) = g**3 - 5*g**2 - 9*g - 1. Let x be o(7). Suppose -3*h = -0*s - 5*s - 15, -4*s - 2*h = x. Let j be (4/s)/(3/9). Let a(k) = -7*k + 1. What is a(j)?
15
Let y(u) = -4*u + 8. Let d(n) = -3*n + 9. Let v(p) = -5*d(p) + 4*y(p). Suppose -5*g = -9*z + 4*z - 840, -z - g - 174 = 0. Let r = 165 + z. Calculate v(r).
-7
Let o(r) = 6*r**2 + 2*r - 4. Let j(p) = 12*p**2 + 5*p - 9. Let c(q) = 2*j(q) - 5*o(q). What is c(2)?
-22
Let m be (1 + -13)/(12/(-64)). Let h = 68 - m. Let y(v) = 2*v**2 - 7*v + 5. Calculate y(h).
9
Let g(l) = l**3 + 7*l**2 + 7*l + 8. Let f = 51 + -47. Suppose -2*m - 16 = -f. What is g(m)?
2
Let m(q) = -90 + 3*q + 2*q - 6*q + 2*q + 92. Let i be 2/(-8) - 1/(-4). Calculate m(i).
2
Let l(x) = -x**3 + 10*x**2 - 11*x + 13. Suppose 2*s = -0*s + 308. Let r = s - 145. Calculate l(r).
-5
Suppose -o + 9*u - 13*u + 6 = 0, 0 = 5*u - 10. Let h(a) = 2*a**3 + 3*a**2 - 1. What is h(o)?
-5
Let f = -11 - -15. Let j(n) = -2*n + f*n**2 + 2*n. Let o be j(1). Let p(i) = i**2 - 4*i - 1. Determine p(o).
-1
Let l(m) = 3*m**2 + 3*m - 3. Let r(o) = -o**2 + 4*o + 8. Let t be r(0). Suppose 5*y - 2 = t. Calculate l(y).
15
Let q(f) = 504 + 505 - 1010 + 56*f. Calculate q(-1).
-57
Let k be (-2)/(-4) + (-2)/4. Let p(t) be the third derivative of -t**6/120 + t**5/60 - t**4/24 - t**3/6 + 5*t**2. What is p(k)?
-1
Suppose -5*u + 16 = -2*g, 5*u - 13 = -g + 2*g. Let j(b) = -11*b - 2. What is j(u)?
-24
Let d(t) = 8*t + 3. Let r be d(-4). Let p = r - -18. Let k = p + 15. Let f(x) = -x + 7. What is f(k)?
3
Let u(g) = 13*g**3 + 7*g**2 + 3*g + 2. Let k(l) = 2*l**3 - l. Let j(t) = 6*k(t) - u(t). Give j(-5).
-7
Let f(l) be the first derivative of -1/2*l**2 + 1/2*l**3 - 6*l - 2. Let q(y) be the first derivative of f(y). What is q(5)?
14
Let p be (2/(-4) - -2)*6. Let x(s) = 13*s - 2. Let r(v) = 16*v - 1. Let k(c) = 4*r(c) - 5*x(c). Give k(p).
-3
Let x(t) be the first derivative of -2/3*t**3 - 1/2*t**4 + 3 + 3*t + t**2. Suppose -3*h - 2 = -4*d - 8*h, -3*d + 4*h - 14 = 0. Calculate x(d).
7
Suppose 0 = 2*p + 4*i - 122, 2*i + 313 = 5*p + 4*i. Suppose -p*c = -60*c. Let t(k) = -k**2 + k + 7. Give t(c).
7
Let l(x) = x**3 - 6*x**2 + 4*x + 3. Let k be l(4). Let n be -1*(-3 + (k - 0)). Let m = n - 16. Let s(d) = d**2 - d - 14. What is s(m)?
-14
Let f(v) = -2*v - 14. Suppose -59*g + 0*g = 531. Determine f(g).
4
Suppose 7*n - 7 = 6*n. Let v(t) = -t**3 + 6*t**2 + 6*t - 6. Give v(n).
-13
Let k(n) = -n + 3. Let m = -8 + 9. Suppose -6 = -6*c + 36. Suppose -c*u - m = -22. Give k(u).
0
Let d(s) = s + 4. Let z(o) = 2*o + 9. Let u(a) = -7*d(a) + 3*z(a). Suppose -5*r = -583 + 558. What is u(r)?
-6
Let h(v) = 4*v + 99. Let b be h(-26). Let n(r) = r**3 + 4*r**2 - 3*r + 3. Determine n(b).
-7
Let u be 14 + (-10 - (2 - 12)). Let k(i) = -4*i + 48. Give k(u).
-8
Suppose 3*y - 14 = -u + 9, 37 = 2*y + 5*u. Suppose v = -v + y. Let o be -2 + (v - 0) + -5. Let c(m) = m**3 + 3*m**2 - 4*m + 1. Give c(o).
1
Let v(x) = -x**3 + x**2 + x + 4. Suppose -4*a = 5*y + 166, -y = 5*a - a + 174. Let h = -41 - a. What is v(h)?
-11
Let g = 282 - 275. Let l(v) be the third derivative of -v**5/60 + v**4/6 + v**3/6 - 11*v**2. Determine l(g).
-20
Let p(h) = -h + 10. Let b = -5 - -9. Let s(z) = -6*z**2 - z + 2. Let u be s(b). Let i be (-2)/(-7) + (-756)/u. Give p(i).
2
Let b(n) = 6*n**3 + 1. Let x(z) be the second derivative of z**5/10 - z**4/4 - z**3/2 - 4*z. Let l be x(-2). Let v be 4/l + (-39)/(-33). What is b(v)?
7
Let h(t) = t**2 + 7*t - 1. Let w(y) = y**2 + y + 5. Let l(g) = 2*g**2 + g + 9. Let i(a) = 2*l(a) - 5*w(a). Let j be i(0). Determine h(j).
-1
Let u(i) = 20*i + 10. Let p = 16 - 14. Let o(h) = h - 3*h + 0*h - 5*h - 3. Let a(d) = p*u(d) + 7*o(d). Give a(-1).
8
Suppose -3*k + 4 = -2*y - 0, y = 4*k - 2. Let b(g) = 2*g**2 - 2*g - 1. Let m be b(-1). Let f(w) = 16*w**2 - 2 - 31*w**2 - 